{"id":1452,"date":"2022-05-26T18:38:57","date_gmt":"2022-05-26T16:38:57","guid":{"rendered":"https:\/\/kbconduite.fr\/?page_id=1452"},"modified":"2022-05-26T18:45:01","modified_gmt":"2022-05-26T16:45:01","slug":"mentions-legales","status":"publish","type":"page","link":"https:\/\/kbconduite.fr\/?page_id=1452","title":{"rendered":"Mentions l\u00e9gales"},"content":{"rendered":"\t\t<div data-elementor-type=\"wp-page\" data-elementor-id=\"1452\" class=\"elementor elementor-1452\">\n\t\t\t\t\t\t\t\t\t<section class=\"elementor-section elementor-top-section elementor-element elementor-element-050bc28 elementor-section-boxed elementor-section-height-default elementor-section-height-default\" data-id=\"050bc28\" data-element_type=\"section\">\n\t\t\t\t\t\t<div class=\"elementor-container elementor-column-gap-default\">\n\t\t\t\t\t<div class=\"elementor-column elementor-col-100 elementor-top-column elementor-element elementor-element-625cb56\" data-id=\"625cb56\" data-element_type=\"column\">\n\t\t\t<div class=\"elementor-widget-wrap elementor-element-populated\">\n\t\t\t\t\t\t\t\t<div class=\"elementor-element elementor-element-fb1cec2 elementor-widget elementor-widget-heading\" data-id=\"fb1cec2\" data-element_type=\"widget\" data-widget_type=\"heading.default\">\n\t\t\t\t<div class=\"elementor-widget-container\">\n\t\t\t<h3 class=\"elementor-heading-title elementor-size-default\">MENTIONS LEGALES<\/h3>\t\t<\/div>\n\t\t\t\t<\/div>\n\t\t\t\t\t<\/div>\n\t\t<\/div>\n\t\t\t\t\t\t\t<\/div>\n\t\t<\/section>\n\t\t\t\t<section class=\"elementor-section elementor-top-section elementor-element elementor-element-20d61e8 elementor-section-boxed elementor-section-height-default elementor-section-height-default\" data-id=\"20d61e8\" data-element_type=\"section\">\n\t\t\t\t\t\t<div class=\"elementor-container elementor-column-gap-default\">\n\t\t\t\t\t<div class=\"elementor-column elementor-col-100 elementor-top-column elementor-element elementor-element-ca45af1\" data-id=\"ca45af1\" data-element_type=\"column\">\n\t\t\t<div class=\"elementor-widget-wrap elementor-element-populated\">\n\t\t\t\t\t\t\t\t<div class=\"elementor-element elementor-element-de3ea78 elementor-widget elementor-widget-text-editor\" data-id=\"de3ea78\" data-element_type=\"widget\" data-widget_type=\"text-editor.default\">\n\t\t\t\t<div class=\"elementor-widget-container\">\n\t\t\t\t\t\t\t<p>KB CONDUITE\u00a0<\/p><p>URL : www.kbconduite.fr<\/p><p>Edit\u00e9 par la chambre des commerces &#8211; inscrite au registre du commerce et des soci\u00e9t\u00e9s sous le num\u00e9ro siret :\u00a090011148500018<\/p><p>Adresse : 35 Avenue Varsovie 62300 LENS\u00a0<\/p><p>Mail : kbconduite@gmail.com<\/p><p>Tel : 03.21.78.90.59. \/ 06.40.44.43.18.<\/p>\t\t\t\t\t\t<\/div>\n\t\t\t\t<\/div>\n\t\t\t\t\t<\/div>\n\t\t<\/div>\n\t\t\t\t\t\t\t<\/div>\n\t\t<\/section>\n\t\t\t\t\t\t\t<\/div>\n\t\t","protected":false},"excerpt":{"rendered":"<p>MENTIONS LEGALES KB CONDUITE&nbsp; URL : www.kbconduite.fr Edit\u00e9 par la chambre des commerces &#8211; inscrite au registre du commerce et des soci\u00e9t\u00e9s sous le num\u00e9ro siret :&nbsp;90011148500018 Adresse : 35 Avenue Varsovie 62300 LENS&nbsp; Mail : kbconduite@gmail.com Tel : 03.21.78.90.59. \/ 06.40.44.43.18.<\/p>\n","protected":false},"author":1,"featured_media":0,"parent":0,"menu_order":0,"comment_status":"closed","ping_status":"closed","template":"","meta":{"_joinchat":[],"footnotes":""},"class_list":["post-1452","page","type-page","status-publish","hentry"],"_links":{"self":[{"href":"https:\/\/kbconduite.fr\/index.php?rest_route=\/wp\/v2\/pages\/1452","targetHints":{"allow":["GET"]}}],"collection":[{"href":"https:\/\/kbconduite.fr\/index.php?rest_route=\/wp\/v2\/pages"}],"about":[{"href":"https:\/\/kbconduite.fr\/index.php?rest_route=\/wp\/v2\/types\/page"}],"author":[{"embeddable":true,"href":"https:\/\/kbconduite.fr\/index.php?rest_route=\/wp\/v2\/users\/1"}],"replies":[{"embeddable":true,"href":"https:\/\/kbconduite.fr\/index.php?rest_route=%2Fwp%2Fv2%2Fcomments&post=1452"}],"version-history":[{"count":8,"href":"https:\/\/kbconduite.fr\/index.php?rest_route=\/wp\/v2\/pages\/1452\/revisions"}],"predecessor-version":[{"id":1461,"href":"https:\/\/kbconduite.fr\/index.php?rest_route=\/wp\/v2\/pages\/1452\/revisions\/1461"}],"wp:attachment":[{"href":"https:\/\/kbconduite.fr\/index.php?rest_route=%2Fwp%2Fv2%2Fmedia&parent=1452"}],"curies":[{"name":"wp","href":"https:\/\/api.w.org\/{rel}","templated":true}]}}